{"id":2,"date":"2022-06-22T10:50:07","date_gmt":"2022-06-22T10:50:07","guid":{"rendered":"https:\/\/renewhost.com.br\/bentomar\/?page_id=2"},"modified":"2022-06-22T14:09:38","modified_gmt":"2022-06-22T14:09:38","slug":"nossa-empresa","status":"publish","type":"page","link":"https:\/\/bentomar.com.br\/v1\/nossa-empresa\/","title":{"rendered":"Nossa Empresa"},"content":{"rendered":"\n<figure class=\"wp-block-image size-large\"><img loading=\"lazy\" decoding=\"async\" width=\"1024\" height=\"639\" src=\"https:\/\/renewhost.com.br\/bentomar\/wp-content\/uploads\/2022\/06\/empresa2-1-1024x639.jpg\" alt=\"\" class=\"wp-image-24\" srcset=\"https:\/\/bentomar.com.br\/v1\/wp-content\/uploads\/2022\/06\/empresa2-1-1024x639.jpg 1024w, https:\/\/bentomar.com.br\/v1\/wp-content\/uploads\/2022\/06\/empresa2-1-300x187.jpg 300w, https:\/\/bentomar.com.br\/v1\/wp-content\/uploads\/2022\/06\/empresa2-1-768x479.jpg 768w, https:\/\/bentomar.com.br\/v1\/wp-content\/uploads\/2022\/06\/empresa2-1.jpg 1100w\" sizes=\"auto, (max-width: 1024px) 100vw, 1024px\" \/><\/figure>\n\n\n\n<h4 class=\"wp-block-heading\"><mark style=\"background-color:rgba(0, 0, 0, 0)\" class=\"has-inline-color has-vivid-green-cyan-color\">Nosso Prop\u00f3sito<\/mark><\/h4>\n\n\n\n<p>Projetar , desenvolver , fabricar e comercializar produtos voltados para a ind\u00fastria de fundi\u00e7\u00e3o e regenerar res\u00edduos de shell molding.<\/p>\n\n\n\n<h4 class=\"wp-block-heading\"><mark style=\"background-color:rgba(0, 0, 0, 0)\" class=\"has-inline-color has-vivid-green-cyan-color\">Atendimento ao Cliente<\/mark><\/h4>\n\n\n\n<p>Atender aos requisitos do cliente quanto a qualidade e pontualidade de entrega dos produtos .<\/p>\n\n\n\n<h4 class=\"wp-block-heading\"><mark style=\"background-color:rgba(0, 0, 0, 0)\" class=\"has-inline-color has-vivid-green-cyan-color\">Melhoria Cont\u00ednua<\/mark><\/h4>\n\n\n\n<p>Buscar a melhoria cont\u00ednua da efic\u00e1cia do sistema de gest\u00e3o da qualidade atrav\u00e9s do comprometimento do nossos colaboradores.<\/p>\n\n\n\n<h4 class=\"wp-block-heading\"><mark style=\"background-color:rgba(0, 0, 0, 0)\" class=\"has-inline-color has-vivid-green-cyan-color\">Estrat\u00e9gia<\/mark><\/h4>\n\n\n\n<p>Buscar apoiar o direcionamento estrat\u00e9gico da empresa .<\/p>\n","protected":false},"excerpt":{"rendered":"<p>Nosso Prop\u00f3sito Projetar , desenvolver , fabricar e comercializar produtos voltados para a ind\u00fastria de fundi\u00e7\u00e3o e regenerar res\u00edduos de shell molding. Atendimento ao Cliente Atender aos requisitos do cliente quanto a qualidade e pontualidade de entrega dos produtos . Melhoria Cont\u00ednua Buscar a melhoria cont\u00ednua da efic\u00e1cia do sistema de gest\u00e3o da qualidade atrav\u00e9s [&hellip;]<\/p>\n","protected":false},"author":1,"featured_media":0,"parent":0,"menu_order":0,"comment_status":"closed","ping_status":"open","template":"","meta":{"footnotes":""},"class_list":["post-2","page","type-page","status-publish","hentry"],"_links":{"self":[{"href":"https:\/\/bentomar.com.br\/v1\/wp-json\/wp\/v2\/pages\/2","targetHints":{"allow":["GET"]}}],"collection":[{"href":"https:\/\/bentomar.com.br\/v1\/wp-json\/wp\/v2\/pages"}],"about":[{"href":"https:\/\/bentomar.com.br\/v1\/wp-json\/wp\/v2\/types\/page"}],"author":[{"embeddable":true,"href":"https:\/\/bentomar.com.br\/v1\/wp-json\/wp\/v2\/users\/1"}],"replies":[{"embeddable":true,"href":"https:\/\/bentomar.com.br\/v1\/wp-json\/wp\/v2\/comments?post=2"}],"version-history":[{"count":5,"href":"https:\/\/bentomar.com.br\/v1\/wp-json\/wp\/v2\/pages\/2\/revisions"}],"predecessor-version":[{"id":31,"href":"https:\/\/bentomar.com.br\/v1\/wp-json\/wp\/v2\/pages\/2\/revisions\/31"}],"wp:attachment":[{"href":"https:\/\/bentomar.com.br\/v1\/wp-json\/wp\/v2\/media?parent=2"}],"curies":[{"name":"wp","href":"https:\/\/api.w.org\/{rel}","templated":true}]}}